when 179 is divided by j.
29
Suppose -73 = -7*g + 151. What is the remainder when g is divided by 7?
4
What is the remainder when 451/3 + (-7 - (-78)/9) is divided by 80?
72
Suppose 5*x - 100 = 12*r - 7*r, -3*x + 4*r + 65 = 0. Calculate the remainder when 239 is divided by x.
14
Let p = -202 + 221. Calculate the remainder when 70 is divided by p.
13
Let c(i) = 4*i**3 - i**2 - 5*i + 4. Suppose -4*s + 23 = -3*s. What is the remainder when c(3) is divided by s?
19
Let k(o) = -o**3 - 19*o**2 - 19*o + 4. Suppose -4*r + 112 - 608 = 0. What is the remainder when k(-18) is divided by 2/8 + r/(-16)?
6
Let d be (15/9)/((-1)/(-3)). Let z(k) = k**2 - d*k + 7 - k - k + 3. What is the remainder when 18 is divided by z(7)?
8
Let f(l) = -l**3 - 4*l**2 - l - 1. Let o be f(-4). Suppose o*m + 9 = 6*m. Suppose -m*i + i + 20 = 0. Calculate the remainder when 19 is divided by i.
9
Let l be (-3)/((-6)/(-4)) + 21 + 5. Suppose -26*b + l*b = -36. Calculate the remainder when b is divided by 3.
0
Let y = 1 + -3. Let j(r) = -8*r. Suppose 18*p - 707 = -185. What is the remainder when p is divided by j(y)?
13
Suppose 1 = 2*k + 5*s, 22 = -0*k - 4*k - 2*s. Let o = k - -50. Suppose 0 = -4*f + 4*t + 44, -3*f + o = f - 5*t. What is the remainder when 46 is divided by f?
10
Let n(k) = 2*k**3 + 9*k**2 + 4*k - 4. Let w be n(-4). What is the remainder when 47 is divided by ((-252)/w)/3 - 3?
11
Let x be (4/3)/(2/3). Let l(v) = 6*v + 56. What is the remainder when 52/x + (3 - 6) is divided by l(-8)?
7
Suppose 8*l - 2 - 22 = 0. Suppose 84 - 57 = l*y. Calculate the remainder when 86 is divided by y.
5
Suppose -152 = -2*u - 42. Let r(b) = -5*b + 29. Let n be r(6). Calculate the remainder when u is divided by -15*((-2)/4)/(n/(-2)).
10
What is the remainder when (2/(-6))/((-94)/23406) is divided by 46?
37
Let a(n) = 8*n - 49. What is the remainder when a(9) is divided by (-6)/(-14) - (-88)/7?
10
Let c(g) = -g**3 - 6*g**2 - 5*g + 5. Let t(i) = -i**3 + 9*i**2 + 10*i - 6. Let k be t(10). What is the remainder when c(-5) is divided by -1*(1 + k) - 2?
2
Let z(q) = 17*q - 2. Let n = 213 + -196. What is the remainder when z(2) is divided by n?
15
Suppose -16*o - 3*o + 532 = 0. What is the remainder when 160 is divided by o?
20
Let v = -15 - -13. Let d be 45/(-36) + v/(-8). Calculate the remainder when 1464/32 + d/(-4) is divided by 12.
10
Let q = -1925 - -3028. What is the remainder when q is divided by 24?
23
Let x(r) = -r**2 - 18*r - 58. Calculate the remainder when 26 - 0 - (-2)/(-2) is divided by x(-6).
11
Suppose -2*d = d - 54. Let k be ((1 - 1) + 228)*195/(-260). Let r = -136 - k. Calculate the remainder when r is divided by d.
17
Suppose 160 = -4*o + 4*f, 0*o - 2*f = 5*o + 172. Calculate the remainder when o*(3 + (-66)/9 - -3) is divided by 17.
14
Let s = 514 + -474. What is the remainder when 357 is divided by s?
37
Suppose -4*w - m = -212, 176 = -5*w + m + 441. Let r = 25 + -11. Calculate the remainder when w is divided by r.
11
Let c(v) = 3*v + 7. What is the remainder when 132 is divided by c(4)?
18
Let t be 0 + (-4)/(-4)*8. Let a = -4 + t. Suppose -81 = -2*h + 3*z, 0 = -a*h - z - 4*z + 151. What is the remainder when h is divided by 10?
9
Let f be 5 - (-2)/4*0. Suppose 0 = 4*a - 5*q + 97 - 320, -f*q = 15. What is the remainder when 206 is divided by a?
50
Let w(f) = 7*f - 12. What is the remainder when w(16) is divided by 53?
47
Suppose 0*b + 68 = 4*b. Suppose 37 = z + 3*d, 5*d = z - 112 + 107. Calculate the remainder when z is divided by b.
8
Suppose 4*g = n + 18, -2*n + g - 1 = -0. Let a(s) = -1 + 2 + 0*s**3 + 8*s**3 - 3*s**3. What is the remainder when a(1) is divided by n?
0
Suppose -4*h + k + 800 = 0, -1107 = -5*h + 5*k - 107. Suppose 0 = -2*d + 6*d - h. Suppose 14*w + d = 16*w. What is the remainder when w is divided by 7?
4
Suppose 3*j = r + 98 - 439, 361 = r + j. Calculate the remainder when r is divided by 17.
16
Let n(t) = -11*t**2 - t + 5. Let z(g) = 5*g**2 - 2. Let c(x) = 2*n(x) + 5*z(x). What is the remainder when 31 is divided by c(2)?
7
Let i be (-6)/2 + 0 + 7. Suppose -8*d = -i*d - 8. Suppose -d*y = -76 - 42. What is the remainder when y is divided by 20?
19
Suppose 0 = -2*w - 5*l - 4 - 0, -2*w + l - 4 = 0. Let c(r) = r + 0*r + 0 + 6*r**2 + 2. What is the remainder when 91 is divided by c(w)?
19
Let z(d) = 4*d**3 + 14*d**2 + d + 2. What is the remainder when z(-3) is divided by 3?
2
Let a(u) = u**2 + 12*u - 55. Calculate the remainder when 60 is divided by a(-16).
6
Suppose 15*t - 25802 = -23*t. Calculate the remainder when t is divided by 12.
7
Suppose -2*c + 22 = 2*u - 0*c, 0 = 5*u - 2*c - 69. Calculate the remainder when 298 is divided by u.
12
Suppose 11*t - 466 - 370 = 0. Calculate the remainder when t is divided by 26.
24
Let y(t) = t**3 - 28*t**2 - 2*t + 66. Calculate the remainder when 48 is divided by y(28).
8
Suppose -11*p + 7*p = 0. Suppose -r + b + 9 = -0, -r - 3*b - 7 = p. What is the remainder when r is divided by 2?
1
Suppose -9*s + 270 = s. What is the remainder when s is divided by 21?
6
Let g = -10 - -13. Suppose 0 = -3*h + 4*y + 2, 0*h + 9 = -4*h + g*y. Calculate the remainder when (h/(-15))/((-3)/(-165)) is divided by 6.
4
Let f = -455 + 477. Calculate the remainder when 107 is divided by f.
19
Let y = 113 + -21. Let b = y + -51. Calculate the remainder when b is divided by 6.
5
What is the remainder when 108/(11/11) - 5 is divided by 18?
13
Let w = -16 + 16. Suppose y - 387 = -w*y. Suppose 0 = 5*n - 5*a - 465, -5*a = -4*n - 4*a + y. What is the remainder when n is divided by 25?
23
Let m(q) = q**2 - 5*q + 16. Calculate the remainder when 69 is divided by m(4).
9
Let w(k) = 5*k**2 - 5*k + 7. Suppose -4*l + 2 = -6. Calculate the remainder when 66 is divided by w(l).
15
Suppose 5*d - 70 = 3*d. Suppose -9*s + 54 = -126. What is the remainder when d is divided by s?
15
Let v = -1496 - -1509. Calculate the remainder when 128 is divided by v.
11
Let x(n) = -n**2 - 25*n - 35. What is the remainder when 129 is divided by x(-20)?
64
Suppose 3*h - 38 - 34 = 0. Calculate the remainder when 80 is divided by h.
8
What is the remainder when 45 - (-3)/9*-3 is divided by ((-208)/(-20))/((-13)/(520/(-16)))?
18
Let a be (2 + (-49)/1)/1. Let x = a - -73. What is the remainder when x is divided by 14?
12
Let z = -49 - -82. Suppose u = z - 5. Let d = -193 + 203. Calculate the remainder when u is divided by d.
8
Suppose 3*y = 5*h - 91, -69 = -3*h - 0*h - 3*y. Let a = 698 - 641. Calculate the remainder when a is divided by h.
17
Let n = -127 + 131. What is the remainder when (2/2)/((-5)/(-70)) is divided by n?
2
Let r(w) = 20*w + 1. Suppose -4*f + 50 = -5*d, 4*d - f + 14 = -3*f. Calculate the remainder when r(4) is divided by (-24)/15*105/d.
25
Let b(f) = -f**3 - 7*f**2 + 8*f + 3. Let a be b(-8). Suppose 141 - 663 = -a*v. What is the remainder when v is divided by 44?
42
Let o(w) = w**3 + 7*w**2 - w + 9. Let b be (-670)/(-15) + 2/6. Suppose -b = 5*c + 5*f, -2*c - 6*f = -f + 24. Calculate the remainder when o(c) is divided by 9.
7
Calculate the remainder when (-30)/(-25) - 522/(-15) is divided by 11.
3
Suppose 0 = 5*z - 7*k + 4*k + 109, -3*z + 2*k = 65. Let g(b) = b**3 + 24*b**2 + 23*b + 30. What is the remainder when 147 is divided by g(z)?
27
Let k(z) = z**3 + 8*z**2 + 5*z + 7. Let q be k(-6). Let l = q - 109. What is the remainder when 89 is divided by (l/(-9) + 1)*3?
20
Suppose 2*a - 2*o - 370 = 0, a + 6*o - 197 = 3*o. Suppose 26 - a = -3*k. What is the remainder when k is divided by 19?
16
Let s(w) = -2*w**2 + 12*w + 2. Let l be s(5). Suppose -3*y - l = -66. What is the remainder when y is divided by 6?
0
Let z be ((-6)/(-5))/((-4)/(-10)). Suppose -5*n + 21 + 23 = z*o, -3*o = -4*n + 19. Suppose -v + 0 + n = 0. What is the remainder when 26 is divided by v?
5
Let q(r) = r - 1. Let m be q(6). Suppose 12*x = 109 - 13. What is the remainder when x is divided by m - (1 - 1)/(-2)?
3
What is the remainder when (-30)/(-27) - (-247440)/135 is divided by 34?
32
Let h = -38 - -221. Calculate the remainder when h is divided by 50.
33
Let b(y) = -5*y + 6. Let d be b(-5). Suppose c - d = 6. Let q = -12 + c. What is the remainder when 73 is divided by q?
23
Suppose -2*q + 95 = 3*q. Suppose 2*m = z + 86, 0*z = -5*m - 2*z + 233. Let c = m - -29. Calculate the remainder when c is